 191. What is the tens digit of l?
3
Suppose 0 = 3*p - 3*o + 6, -p - 18 = -4*p - 3*o. Suppose 3*t - 43 = p*t. What is the tens digit of t?
4
Let a = 91 + -69. Suppose 2*z - 3*g = 58, 2*z = z - 2*g + 15. Let y = z - a. What is the units digit of y?
1
Suppose 5*y + 5*r - 2390 = 0, -4*y - 1069 = -4*r - 2973. What is the units digit of y?
7
Let c(b) = -b**3 + 6*b**2 + 8 + 3*b**2 + 3*b - 14*b. Let z be c(8). Let u = 33 + z. What is the tens digit of u?
1
Suppose x + 36 = -5*x. Let p be ((-51)/x)/(2/44). Let a = p - 124. What is the units digit of a?
3
Suppose 4 + 8 = 4*w. Let y(l) = l**3 + 4*l**2 - 7*l - 10. Let m be y(-5). Suppose -5*p = -2*j + 9 - 166, m = w*j + 3. What is the units digit of p?
1
Let j = -37 - -41. Suppose -2*z = 4*y + 4 - 326, -j*z - 5*y = -638. What is the tens digit of z?
5
Let p be (4 - (-124)/(-16))*-124. Let t = p + -318. What is the hundreds digit of t?
1
Let z be (-5)/(-15)*72/2. Suppose -2*o + 4 = -4*t, 0 = -5*o + t - 2*t - z. What is the tens digit of 37 - o*(-12)/8?
3
What is the hundreds digit of 1 + (132 + -1)*(18 + -17)?
1
Suppose g = 5*r - 23 - 2, 0 = 2*g - 2*r + 34. Let t = g - -167. What is the hundreds digit of t?
1
Suppose 4 = -5*q - 6. Let j = 0 - q. Suppose 5*f + 94 = j*p, 2*p - 2*f = -0*p + 106. What is the units digit of p?
7
Suppose 30 = 2*o + 12. Suppose -14*a + 480 = -o*a. What is the tens digit of a?
9
Let b(x) = x**2 - 16*x - 77. What is the units digit of b(21)?
8
Let c be (-4)/10 - 65/25. Let s be (-1 - c/6)*0. Suppose -4*h - 3*y + s + 96 = 0, 3*h + 5*y - 72 = 0. What is the units digit of h?
4
Suppose 0 = -4*s + 955 - 207. Let y = s - 118. What is the tens digit of y?
6
Let c be 1/(-1)*(5 - 5). Suppose 2*j + 0*j = c, -120 = -4*y - 2*j. What is the units digit of 18/4*y/5?
7
Let w = -12 - -12. Let b = -2 + 6. Suppose -f - 4*c + 23 = w, -7*f + 4*c - 11 = -b*f. What is the units digit of f?
3
Suppose -5*f + 8 = -3*f. Suppose -f*p - 1 = -21. Suppose p*v - 4*v - 18 = y, -5*v + 117 = 4*y. What is the tens digit of v?
2
Suppose r = o - 1003 - 1592, 0 = 4*r - 20. What is the thousands digit of o?
2
Suppose 2 = -3*y + 4*t, 4*y = 2*y + 2*t. Suppose y*d - 3*a = 76, 5*d - 2*a - 179 = -0*a. What is the units digit of d?
5
Let c(b) = -b**3 - 8*b**2 + b - 8. Let v be c(-8). What is the units digit of 29 + 1 - v/8?
2
Let r(p) be the second derivative of -p**6/360 + 5*p**4/12 - 2*p. Let c(l) be the third derivative of r(l). What is the tens digit of c(-13)?
2
Let m(z) = z**3 + z**2 + z + 21. Let d(y) = -5*y**3 - 5*y**2 - 5*y - 106. Let v(k) = 2*d(k) + 11*m(k). What is the units digit of v(0)?
9
Let g = -163 + 403. What is the tens digit of g?
4
Let b = -41 - -48. Suppose 0 = -b*h + 680 + 321. What is the hundreds digit of h?
1
Let q(z) = z**3 - 20*z**2 + 15*z + 176. What is the hundreds digit of q(20)?
4
Let g be (-3)/(0 + ((-8)/(-212))/(-2)). Suppose -g = j - 2*j. What is the tens digit of j?
5
Let f be 0/(-2 - 10/(-2)). Suppose -6*m + 4*m + 118 = f. What is the units digit of m?
9
Suppose -30*h + 1230 = -27*h. What is the tens digit of h?
1
Suppose 7*g + 331 = 1045. Suppose -9*h + 24 + g = 0. What is the units digit of h?
4
Let j(k) = -5*k**2 + 0*k**3 - 4 + k + 3*k**3 - k**3 - k**3. Let g be (-33)/(-6) - 4/8. What is the units digit of j(g)?
1
Suppose 3*g = -m - g + 658, -5*m - 5*g = -3245. Suppose -r + 118 = n - 3*n, 5*r - m = -4*n. What is the hundreds digit of r?
1
What is the units digit of 3/((-15)/(-29215)) + 4/(-4)?
2
Suppose -10*r = -8*r + 4*g - 4780, 0 = 3*r - 2*g - 7210. Suppose 2*a + r = 12*a. What is the tens digit of a?
4
Suppose 0 = 3*x + 2*x. Suppose x = 31*w - 26*w - 875. What is the hundreds digit of w?
1
Suppose 5*w - 32 = -12. Let s(o) = 51 + 5*o - 5 - w*o + 11. What is the units digit of s(0)?
7
What is the thousands digit of 1*-5 - (-5 - 37175)/10?
3
Let w = 80 + 573. What is the tens digit of w?
5
Let v be (2/3)/(10/30). Suppose -5*k + 23 + v = 0, -j + 2*k = 22. Let o(u) = -u**3 - 11*u**2 + 5*u - 21. What is the units digit of o(j)?
3
Let r be (-15)/(-2)*2/3. Suppose -25 = -r*d, n = 5*n - 4*d. Suppose 0*q + n*k = -q + 30, 5*q - 2*k - 150 = 0. What is the units digit of q?
0
Let s(n) = 2*n - 13. Let x be s(9). Let b = -11 - -15. Suppose -x*m - 82 = -3*v, 4*m - 156 + 4 = -b*v. What is the units digit of v?
4
Let j = -225 - -448. Suppose -3*g + j = -2*p + 6*p, -p + 32 = -4*g. What is the units digit of p?
2
Let q(z) = z**2 + 5*z + 4. Let h be q(-3). Let s = h + -10. Let t = 13 + s. What is the units digit of t?
1
Let i(z) = -12*z + 4. Let n be i(-5). Let r = 112 - n. What is the units digit of r?
8
Let g(u) = 48*u**3 - 18*u**3 - 13*u**3 + 3*u**2 - 4 - 6*u**2 - 15*u**3. Suppose 10 = 4*t - 2. What is the tens digit of g(t)?
2
Suppose -5*u = -5*o - 6 + 31, 4*u = -o - 20. Suppose 3*k - 24 - 36 = o. What is the units digit of k?
0
Let l = -1206 + 2050. What is the hundreds digit of l?
8
Let m(l) = -l**3 + 9*l**2 - 8*l + 7. Suppose 6*n - 56 = -2*n. What is the units digit of m(n)?
9
Let b = 92 + 16. Let q = b + -76. What is the tens digit of q?
3
What is the hundreds digit of -2*4/36*-3*1086?
7
Let q(u) = 272*u**2 + 8*u + 3. What is the units digit of q(-3)?
7
Let n(z) = 5*z**3 + 6*z**2 - 5*z + 5. Let a = -93 - -96. What is the tens digit of n(a)?
7
Suppose 5*o + 4*p = o + 356, -2*o + 4*p = -184. Suppose 95*j = 99*j + 204. Let r = o + j. What is the tens digit of r?
3
Suppose -17*n + 240 = -16*n. What is the tens digit of n?
4
Let i(p) be the third derivative of 47*p**4/24 + 10*p**3/3 - 33*p**2. What is the tens digit of i(3)?
6
Let h(v) = 3*v**2 + 16*v + 401. What is the units digit of h(22)?
5
Let l(k) = k**3 + 2*k**2 + 4*k + 1. Let y be l(-3). What is the units digit of ((231/(-5))/(-7))/((-2)/y)?
6
Suppose 0*q = 3*q - 5*b - 245, -435 = -5*q - 5*b. What is the tens digit of q/4 + 1 + (-14)/56?
2
Let a(u) = 133*u**2 - 17*u + 2. What is the units digit of a(2)?
0
Let g(a) = -a**3 + a**2 - 4*a + 5. Let j be g(2). Let w(u) = -3*u - 3. Let c be w(6). Let m = j - c. What is the units digit of m?
4
Suppose 0 = o - 0*o - 5. Suppose 4*g = c + 21, 2*c = o*g + 3*c - 15. What is the units digit of g?
4
Let t(i) = -6*i**2 + 2*i - 1. Let q(d) = -d**2 + d - 1. Let o(m) = 5*q(m) - t(m). Let j be o(-9). Suppose -10 + j = 5*n. What is the units digit of n?
8
Suppose -60 = -o - 5*o. Let f(a) = 10*a + 25. What is the hundreds digit of f(o)?
1
What is the hundreds digit of (-1776)/(-32)*(-88)/(-6)?
8
Let v = -4 + 9. Suppose -4*z + 202 + 161 = 5*c, v*c + 5*z - 365 = 0. What is the units digit of c?
1
Suppose -4*z - 6 = -2*i, 5*z - 27 = -5*i + 3. Suppose 3*a + 4*p = 97, 35 = -4*a + i*p + 154. What is the tens digit of a?
3
Let t be 4 + 4 - (2 - -1). Suppose t*q + 2*q = 672. What is the units digit of q?
6
Suppose n + 2544 = -11*n. Let l = -63 - n. What is the units digit of l?
9
Let l(r) = -r**2 - r. Let t(a) = 2*a**3 - 6*a**2 - 7*a - 1. Let k(q) = -5*l(q) + t(q). What is the units digit of k(2)?
7
Let c(b) = -14*b - 14*b + 0*b + 17 + 6*b. Let i be c(5). Let k = i - -151. What is the units digit of k?
8
Let u(b) = 105*b - 22. What is the units digit of u(1)?
3
Let v = 771 + -619. What is the tens digit of v?
5
Suppose 3*r + 3*o + o = 3705, -4*r + 4940 = -3*o. What is the hundreds digit of r?
2
Suppose 0 = -6*p + 28*p - 57420. What is the tens digit of p?
1
Suppose d - 220 = -4*i, 0 = -5*d + 8*i - 9*i + 1195. What is the units digit of d?
0
Suppose 3*p - 2*p - 6 = 0. Let j = p + -6. Suppose 4*v + 9 = 1, j = 3*i - 2*v - 22. What is the units digit of i?
6
Suppose -2*p = -0*p + 4*b - 26, 0 = p + 3*b - 18. Let n(d) = 11*d + 8. Let h(v) = -100*v - 72. Let q(m) = p*h(m) + 28*n(m). What is the units digit of q(4)?
0
Let s(q) = q**2 + 2. Suppose -6*v - 9 = -5*v. What is the tens digit of s(v)?
8
Let b = -11 + -17. Let o = -42 - b. Let t = -10 - o. What is the units digit of t?
4
Let k = 67 - 65. Suppose r = -k*r + 480. What is the tens digit of r?
6
What is the tens digit of 2*-4 + 12736/16?
8
Suppose v = 3*i - 295, -v + 0*v + 93 = i. Suppose 5*r - 106 = -y, 14 - i = -4*r + y. Let h = 17 + r. What is the tens digit of h?
3
Let w(k) = k**3 + 17*k**2 - 71*k - 3. What is the hundreds digit of w(-18)?
9
What is the tens digit of (-28)/8*-8*(-1 + 2)?
2
Let u = 130 - -51. Suppose -x + 52 = -2*w - w, -u = -4*x + 3*w. What is the u